ns digit of 7313875061?
3
What is the thousands digit of 1165892617?
2
What is the hundred thousands digit of 14660326?
6
What is the hundred thousands digit of 59300002?
3
What is the tens digit of 681550135?
3
What is the millions digit of 1973824593?
3
What is the hundred thousands digit of 2659980983?
9
What is the billions digit of 2830696575?
2
What is the ten thousands digit of 32568169?
6
What is the hundred millions digit of 943744715?
9
What is the hundred thousands digit of 122965566?
9
What is the billions digit of 1231460545?
1
What is the ten thousands digit of 1206340864?
4
What is the units digit of 1474515205?
5
What is the ten thousands digit of 17666357?
6
What is the units digit of 59866151?
1
What is the units digit of 486544184?
4
What is the hundred thousands digit of 11831899?
8
What is the tens digit of 57638283?
8
What is the tens digit of 24237524?
2
What is the hundred thousands digit of 8271950?
2
What is the hundreds digit of 99606893?
8
What is the hundreds digit of 736926537?
5
What is the hundreds digit of 66755521?
5
What is the millions digit of 502722304?
2
What is the tens digit of 6626118?
1
What is the tens digit of 29929893?
9
What is the tens digit of 319379719?
1
What is the tens digit of 3999470745?
4
What is the billions digit of 7088129706?
7
What is the thousands digit of 40505171?
5
What is the hundred millions digit of 1786042718?
7
What is the hundred thousands digit of 17638929?
6
What is the ten thousands digit of 429297616?
9
What is the hundred thousands digit of 3997998596?
9
What is the units digit of 584544427?
7
What is the ten millions digit of 27325669?
2
What is the units digit of 139830353?
3
What is the hundreds digit of 194952539?
5
What is the hundreds digit of 214094960?
9
What is the ten millions digit of 4543866853?
4
What is the thousands digit of 522013210?
3
What is the thousands digit of 438106144?
6
What is the hundreds digit of 17005801?
8
What is the ten millions digit of 759548247?
5
What is the ten thousands digit of 38214394?
1
What is the thousands digit of 12981699?
1
What is the units digit of 3627807868?
8
What is the units digit of 623562996?
6
What is the hundred thousands digit of 1754401804?
4
What is the thousands digit of 8484827719?
7
What is the hundred millions digit of 151769695?
1
What is the units digit of 36347008?
8
What is the tens digit of 2418905184?
8
What is the hundred thousands digit of 65666145?
6
What is the tens digit of 131295307?
0
What is the millions digit of 109021521?
9
What is the ten thousands digit of 3695800526?
0
What is the thousands digit of 457960490?
0
What is the tens digit of 1219237928?
2
What is the tens digit of 251533354?
5
What is the hundreds digit of 6241702396?
3
What is the thousands digit of 111644825?
4
What is the hundred millions digit of 117446262?
1
What is the units digit of 5400183?
3
What is the ten millions digit of 581245473?
8
What is the ten thousands digit of 397258331?
5
What is the thousands digit of 91354907?
4
What is the ten thousands digit of 54619014?
1
What is the ten thousands digit of 62951416?
5
What is the thousands digit of 519142856?
2
What is the hundred millions digit of 3055288040?
0
What is the ten thousands digit of 47650411?
5
What is the billions digit of 5462398430?
5
What is the millions digit of 35554644?
5
What is the hundred thousands digit of 26260917?
2
What is the hundreds digit of 45538863?
8
What is the millions digit of 43114003?
3
What is the millions digit of 6573528368?
3
What is the thousands digit of 734233249?
3
What is the units digit of 416233?
3
What is the ten millions digit of 125281328?
2
What is the tens digit of 3457521504?
0
What is the hundred millions digit of 208116298?
2
What is the millions digit of 459815567?
9
What is the hundreds digit of 1142416125?
1
What is the ten thousands digit of 312183645?
8
What is the thousands digit of 53740751?
0
What is the thousands digit of 110203758?
3
What is the hundred millions digit of 7941373745?
9
What is the units digit of 2330598557?
7
What is the ten millions digit of 29661284?
2
What is the hundred thousands digit of 1656869330?
8
What is the units digit of 2081798699?
9
What is the hundred thousands digit of 282953110?
9
What is the tens digit of 37259961?
6
What is the thousands digit of 8700355?
0
What is the thousands digit of 517225307?
5
What is the ten thousands digit of 474717164?
1
What is the hundreds digit of 106662946?
9
What is the units digit of 48694970?
0
What is the hundred millions digit of 330047364?
3
What is the thousands digit of 280943091?
3
What is the hundred millions digit of 3304926533?
3
What is the hundred thousands digit of 46943028?
9
What is the ten millions digit of 929289211?
2
What is the hundreds digit of 4779952409?
4
What is the hundred millions digit of 694308546?
6
What is the ten thousands digit of 824608845?
0
What is the hundreds digit of 1173458727?
7
What is the units digit of 416042459?
9
What is the thousands digit of 1170276810?
6
What is the tens digit of 9370509?
0
What is the hundred millions digit of 282002001?
2
What is the millions digit of 528163868?
8
What is the thousands digit of 78586533?
6
What is the hundred thousands digit of 430712838?
7
What is the hundred thousands digit of 1873269350?
2
What is the thousands digit of 29109350?
9
What is the ten millions digit of 24218359?
2
What is the hundred thousands digit of 94262813?
2
What is the hundred millions digit of 384838132?
3
What is the units digit of 2658771245?
5
What is the ten millions digit of 15636831?
1
What is the hundred thousands digit of 201342258?
3
What is the tens digit of 6745845?
4
What is the hundred millions digit of 5859833744?
8
What is the tens digit of 160420021?
2
What is the tens digit of 3036725603?
0
What is the billions digit of 1823683540?
1
What is the billions digit of 6180513732?
6
What is the hundreds digit of 132881387?
3
What is the hundred millions digit of 910024267?
9
What is the millions digit of 56157223?
6
What is the ten thousands digit of 720453095?
5
What is the ten millions digit of 578764906?
7
What is the thousands digit of 526604019?
4
What is the ten millions digit of 93169525?
9
What is the hundred thousands digit of 22838505?
8
What is the hundreds digit of 125312620?
6
What is the ten millions digit of 17962024?
1
What is the ten millions digit of 1359188608?
5
What is the hundreds digit of 818882395?
3
What is the units digit of 248809071?
1
What is the tens digit of 3501190?
9
What is the hundred thousands digit of 1228754027?
7
What is the ten thousands digit of 2171929278?
2
What is the thousands digit of 965996919?
6
What is the millions digit of 63801494?
3
What is the hundreds digit of 575828379?
3
What is the millions digit of 261048907?
1
What is the units digit of 48193599?
9
What is the ten millions digit of 33936650?
3
What is the hundreds digit of 360170944?
9
What is the millions digit of 33815248?
3
What is the billions digit of 3202625903?
3
What is the ten millions digit of 401075351?
0
What is the ten millions digit of 522938252?
2
What is the hundreds digit of 161273876?
8
What is the hundreds digit of 497947537?
5
What is the units digit of 5530522561?
1
What is the units digit of 21028534?
4
What is the hundred thousands digit of 81795472?
7
What is the millions digit of 35999578?
5
What is the millions digit of 482785348?
2
What is the thousands digit of 1184164200?
4
What is the ten millions digit of 49121956?
4
What is the hundreds digit of 796073574?
5
What is the units digit of 91649471?
1
What is the ten thousands digit of 73813339?
1
What is the hundreds digit of 582053315?
3
What is the ten millions digit of 86800098?
8
What is the tens digit of 41568905?
0
What is the millions digit of 567099846?
7
What is the ten millions digit of 893334142?
9
What is the ten millions digit of 50163677?
5
What is the millions digit of 2102946637?
2
What is the units digit of 6730820356?
6
What is the hundreds digit of 1334726100?
1
What is the hundreds digit of 8263946?
9
What is the hundreds digit of 14008869?
8
What is the tens digit of 27698176?
7
What is the hundred millions digit of 448876887?
4
What is the units digi